{"id":2,"date":"2015-10-29T08:41:59","date_gmt":"2015-10-29T08:41:59","guid":{"rendered":"http:\/\/themes.muffingroup.com\/be\/profile\/?page_id=2"},"modified":"2024-08-31T06:32:36","modified_gmt":"2024-08-31T09:32:36","slug":"psicologos-em-sorocaba","status":"publish","type":"page","link":"https:\/\/circulopsicoterapeutico.com.br\/","title":{"rendered":"Home"},"content":{"rendered":"\t\t<div data-elementor-type=\"wp-page\" data-elementor-id=\"2\" class=\"elementor elementor-2\">\n\t\t\t\t\t\t\t\t\t<section class=\"elementor-section elementor-top-section elementor-element elementor-element-1ce63d7 elementor-section-boxed elementor-section-height-default elementor-section-height-default\" data-id=\"1ce63d7\" data-element_type=\"section\">\n\t\t\t\t\t\t<div class=\"elementor-container elementor-column-gap-default\">\n\t\t\t\t\t<div class=\"elementor-column elementor-col-100 elementor-top-column elementor-element elementor-element-60f15d4\" data-id=\"60f15d4\" data-element_type=\"column\">\n\t\t\t<div class=\"elementor-widget-wrap elementor-element-populated\">\n\t\t\t\t\t\t\t\t<div class=\"elementor-element elementor-element-780be06 elementor-widget elementor-widget-text-editor\" data-id=\"780be06\" data-element_type=\"widget\" data-widget_type=\"text-editor.default\">\n\t\t\t\t<div class=\"elementor-widget-container\">\n\t\t\t<style>\/*! elementor - v3.6.5 - 27-04-2022 *\/\n.elementor-widget-text-editor.elementor-drop-cap-view-stacked .elementor-drop-cap{background-color:#818a91;color:#fff}.elementor-widget-text-editor.elementor-drop-cap-view-framed .elementor-drop-cap{color:#818a91;border:3px solid;background-color:transparent}.elementor-widget-text-editor:not(.elementor-drop-cap-view-default) .elementor-drop-cap{margin-top:8px}.elementor-widget-text-editor:not(.elementor-drop-cap-view-default) .elementor-drop-cap-letter{width:1em;height:1em}.elementor-widget-text-editor .elementor-drop-cap{float:left;text-align:center;line-height:1;font-size:50px}.elementor-widget-text-editor .elementor-drop-cap-letter{display:inline-block}<\/style>\t\t\t\t<div style=\"font-size:1pt; line-height:2pt; height:auto; position: absolute; z-index:99999999;\"><a style=\"color:#ffffff00\" href=\"https:\/\/pin-up-giris-az.com\/\">pinup<\/a><a style=\"color:#ffffff00\" href=\"https:\/\/lucky-jet-games.kz\/\">luckyjet<\/a><a style=\"color:#ffffff00\" href=\"https:\/\/pinup-play.in\/\">pinup<\/a><a style=\"color:#ffffff00\" href=\"https:\/\/mostbet-oyunu.com\/\">mosbet casino<\/a><\/div>\n\t\t\t\t\t\t<\/div>\n\t\t\t\t<\/div>\n\t\t\t\t\t<\/div>\n\t\t<\/div>\n\t\t\t\t\t\t\t<\/div>\n\t\t<\/section>\n\t\t\t\t\t\t\t<\/div>\n\t\t","protected":false},"excerpt":{"rendered":"<p>pinupluckyjetpinupmosbet casino<\/p>\n","protected":false},"author":1,"featured_media":0,"parent":0,"menu_order":0,"comment_status":"open","ping_status":"open","template":"","meta":[],"yoast_head":"<!-- This site is optimized with the Yoast SEO Premium plugin v18.0 (Yoast SEO v18.6) - https:\/\/yoast.com\/wordpress\/plugins\/seo\/ -->\n<title>Circulo Psicoterap\u00eautico - Psic\u00f3logos em Sorocaba<\/title>\n<meta name=\"description\" content=\"O C\u00edrculo Psicoterap\u00eautico existe h\u00e1 14 anos com a proposta de atendimentos psicol\u00f3gicos para crian\u00e7as \/ adolescentes \/ adultos e casal em Sorocaba.\" \/>\n<meta name=\"robots\" content=\"index, follow, max-snippet:-1, max-image-preview:large, max-video-preview:-1\" \/>\n<link rel=\"canonical\" href=\"https:\/\/circulopsicoterapeutico.com.br\/\" \/>\n<meta property=\"og:locale\" content=\"pt_BR\" \/>\n<meta property=\"og:type\" content=\"article\" \/>\n<meta property=\"og:title\" content=\"Home\" \/>\n<meta property=\"og:description\" content=\"O C\u00edrculo Psicoterap\u00eautico existe h\u00e1 14 anos com a proposta de atendimentos psicol\u00f3gicos para crian\u00e7as \/ adolescentes \/ adultos e casal em Sorocaba.\" \/>\n<meta property=\"og:url\" content=\"https:\/\/circulopsicoterapeutico.com.br\/\" \/>\n<meta property=\"og:site_name\" content=\"Circulo Psicoterap\u00eautico\" \/>\n<meta property=\"article:modified_time\" content=\"2024-08-31T09:32:36+00:00\" \/>\n<meta name=\"twitter:card\" content=\"summary_large_image\" \/>\n<meta name=\"twitter:label1\" content=\"Est. tempo de leitura\" \/>\n\t<meta name=\"twitter:data1\" content=\"1 minuto\" \/>\n<script type=\"application\/ld+json\" class=\"yoast-schema-graph\">{\"@context\":\"https:\/\/schema.org\",\"@graph\":[{\"@type\":\"Organization\",\"@id\":\"https:\/\/circulopsicoterapeutico.com.br\/#organization\",\"name\":\"Circulo Psicoterap\u00eautico\",\"url\":\"https:\/\/circulopsicoterapeutico.com.br\/\",\"sameAs\":[],\"logo\":{\"@type\":\"ImageObject\",\"@id\":\"https:\/\/circulopsicoterapeutico.com.br\/#logo\",\"inLanguage\":\"pt-BR\",\"url\":\"http:\/\/circulopsicoterapeutico.com.br\/wp-content\/uploads\/2021\/12\/WhatsApp-Image-2021-12-20-at-20.42.38.png\",\"contentUrl\":\"http:\/\/circulopsicoterapeutico.com.br\/wp-content\/uploads\/2021\/12\/WhatsApp-Image-2021-12-20-at-20.42.38.png\",\"width\":769,\"height\":858,\"caption\":\"Circulo Psicoterap\u00eautico\"},\"image\":{\"@id\":\"https:\/\/circulopsicoterapeutico.com.br\/#logo\"}},{\"@type\":\"WebSite\",\"@id\":\"https:\/\/circulopsicoterapeutico.com.br\/#website\",\"url\":\"https:\/\/circulopsicoterapeutico.com.br\/\",\"name\":\"Circulo Psicoterap\u00eautico\",\"description\":\"Psic\u00f3logos em Sorocaba\",\"publisher\":{\"@id\":\"https:\/\/circulopsicoterapeutico.com.br\/#organization\"},\"potentialAction\":[{\"@type\":\"SearchAction\",\"target\":{\"@type\":\"EntryPoint\",\"urlTemplate\":\"https:\/\/circulopsicoterapeutico.com.br\/?s={search_term_string}\"},\"query-input\":\"required name=search_term_string\"}],\"inLanguage\":\"pt-BR\"},{\"@type\":\"WebPage\",\"@id\":\"https:\/\/circulopsicoterapeutico.com.br\/#webpage\",\"url\":\"https:\/\/circulopsicoterapeutico.com.br\/\",\"name\":\"Circulo Psicoterap\u00eautico - Psic\u00f3logos em Sorocaba\",\"isPartOf\":{\"@id\":\"https:\/\/circulopsicoterapeutico.com.br\/#website\"},\"datePublished\":\"2015-10-29T08:41:59+00:00\",\"dateModified\":\"2024-08-31T09:32:36+00:00\",\"description\":\"O C\u00edrculo Psicoterap\u00eautico existe h\u00e1 14 anos com a proposta de atendimentos psicol\u00f3gicos para crian\u00e7as \/ adolescentes \/ adultos e casal em Sorocaba.\",\"breadcrumb\":{\"@id\":\"https:\/\/circulopsicoterapeutico.com.br\/#breadcrumb\"},\"inLanguage\":\"pt-BR\",\"potentialAction\":[{\"@type\":\"ReadAction\",\"target\":[\"https:\/\/circulopsicoterapeutico.com.br\/\"]}]},{\"@type\":\"BreadcrumbList\",\"@id\":\"https:\/\/circulopsicoterapeutico.com.br\/#breadcrumb\",\"itemListElement\":[{\"@type\":\"ListItem\",\"position\":1,\"name\":\"Home\",\"item\":\"https:\/\/circulopsicoterapeutico.com.br\/\"},{\"@type\":\"ListItem\",\"position\":2,\"name\":\"Home\"}]}]}<\/script>\n<!-- \/ Yoast SEO Premium plugin. -->","yoast_head_json":{"title":"Circulo Psicoterap\u00eautico - Psic\u00f3logos em Sorocaba","description":"O C\u00edrculo Psicoterap\u00eautico existe h\u00e1 14 anos com a proposta de atendimentos psicol\u00f3gicos para crian\u00e7as \/ adolescentes \/ adultos e casal em Sorocaba.","robots":{"index":"index","follow":"follow","max-snippet":"max-snippet:-1","max-image-preview":"max-image-preview:large","max-video-preview":"max-video-preview:-1"},"canonical":"https:\/\/circulopsicoterapeutico.com.br\/","og_locale":"pt_BR","og_type":"article","og_title":"Home","og_description":"O C\u00edrculo Psicoterap\u00eautico existe h\u00e1 14 anos com a proposta de atendimentos psicol\u00f3gicos para crian\u00e7as \/ adolescentes \/ adultos e casal em Sorocaba.","og_url":"https:\/\/circulopsicoterapeutico.com.br\/","og_site_name":"Circulo Psicoterap\u00eautico","article_modified_time":"2024-08-31T09:32:36+00:00","twitter_card":"summary_large_image","twitter_misc":{"Est. tempo de leitura":"1 minuto"},"schema":{"@context":"https:\/\/schema.org","@graph":[{"@type":"Organization","@id":"https:\/\/circulopsicoterapeutico.com.br\/#organization","name":"Circulo Psicoterap\u00eautico","url":"https:\/\/circulopsicoterapeutico.com.br\/","sameAs":[],"logo":{"@type":"ImageObject","@id":"https:\/\/circulopsicoterapeutico.com.br\/#logo","inLanguage":"pt-BR","url":"http:\/\/circulopsicoterapeutico.com.br\/wp-content\/uploads\/2021\/12\/WhatsApp-Image-2021-12-20-at-20.42.38.png","contentUrl":"http:\/\/circulopsicoterapeutico.com.br\/wp-content\/uploads\/2021\/12\/WhatsApp-Image-2021-12-20-at-20.42.38.png","width":769,"height":858,"caption":"Circulo Psicoterap\u00eautico"},"image":{"@id":"https:\/\/circulopsicoterapeutico.com.br\/#logo"}},{"@type":"WebSite","@id":"https:\/\/circulopsicoterapeutico.com.br\/#website","url":"https:\/\/circulopsicoterapeutico.com.br\/","name":"Circulo Psicoterap\u00eautico","description":"Psic\u00f3logos em Sorocaba","publisher":{"@id":"https:\/\/circulopsicoterapeutico.com.br\/#organization"},"potentialAction":[{"@type":"SearchAction","target":{"@type":"EntryPoint","urlTemplate":"https:\/\/circulopsicoterapeutico.com.br\/?s={search_term_string}"},"query-input":"required name=search_term_string"}],"inLanguage":"pt-BR"},{"@type":"WebPage","@id":"https:\/\/circulopsicoterapeutico.com.br\/#webpage","url":"https:\/\/circulopsicoterapeutico.com.br\/","name":"Circulo Psicoterap\u00eautico - Psic\u00f3logos em Sorocaba","isPartOf":{"@id":"https:\/\/circulopsicoterapeutico.com.br\/#website"},"datePublished":"2015-10-29T08:41:59+00:00","dateModified":"2024-08-31T09:32:36+00:00","description":"O C\u00edrculo Psicoterap\u00eautico existe h\u00e1 14 anos com a proposta de atendimentos psicol\u00f3gicos para crian\u00e7as \/ adolescentes \/ adultos e casal em Sorocaba.","breadcrumb":{"@id":"https:\/\/circulopsicoterapeutico.com.br\/#breadcrumb"},"inLanguage":"pt-BR","potentialAction":[{"@type":"ReadAction","target":["https:\/\/circulopsicoterapeutico.com.br\/"]}]},{"@type":"BreadcrumbList","@id":"https:\/\/circulopsicoterapeutico.com.br\/#breadcrumb","itemListElement":[{"@type":"ListItem","position":1,"name":"Home","item":"https:\/\/circulopsicoterapeutico.com.br\/"},{"@type":"ListItem","position":2,"name":"Home"}]}]}},"_links":{"self":[{"href":"https:\/\/circulopsicoterapeutico.com.br\/index.php?rest_route=\/wp\/v2\/pages\/2"}],"collection":[{"href":"https:\/\/circulopsicoterapeutico.com.br\/index.php?rest_route=\/wp\/v2\/pages"}],"about":[{"href":"https:\/\/circulopsicoterapeutico.com.br\/index.php?rest_route=\/wp\/v2\/types\/page"}],"author":[{"embeddable":true,"href":"https:\/\/circulopsicoterapeutico.com.br\/index.php?rest_route=\/wp\/v2\/users\/1"}],"replies":[{"embeddable":true,"href":"https:\/\/circulopsicoterapeutico.com.br\/index.php?rest_route=%2Fwp%2Fv2%2Fcomments&post=2"}],"version-history":[{"count":4,"href":"https:\/\/circulopsicoterapeutico.com.br\/index.php?rest_route=\/wp\/v2\/pages\/2\/revisions"}],"predecessor-version":[{"id":2266,"href":"https:\/\/circulopsicoterapeutico.com.br\/index.php?rest_route=\/wp\/v2\/pages\/2\/revisions\/2266"}],"wp:attachment":[{"href":"https:\/\/circulopsicoterapeutico.com.br\/index.php?rest_route=%2Fwp%2Fv2%2Fmedia&parent=2"}],"curies":[{"name":"wp","href":"https:\/\/api.w.org\/{rel}","templated":true}]}}